{"id":192,"date":"2018-08-18T14:42:32","date_gmt":"2018-08-18T12:42:32","guid":{"rendered":"http:\/\/amisdumuseeetfondsmedard.com\/?page_id=192"},"modified":"2022-04-23T09:29:50","modified_gmt":"2022-04-23T07:29:50","slug":"prix-de-reliure-2019","status":"publish","type":"page","link":"https:\/\/amisdumuseeetfondsmedard.com\/index.php\/prix-de-reliure-2019\/","title":{"rendered":"4\u00e8me Prix International de Reliure d\u2019Art 2019 &#8211; les reliures en papier dominot\u00e9 et marbr\u00e9"},"content":{"rendered":"<p style=\"text-align: center;\"><span style=\"font-size: 18pt;\"><strong>4eme Prix de Reliure d\u2019Art 2019<\/strong><\/span><\/p>\n<p>&nbsp;<\/p>\n<p>\u00ab\u00a0Lunel, h\u00e9riti\u00e8re de la collection du bibliophile Louis M\u00e9dard a su mettre en valeur les livres d\u2019art en leur consacrant un magnifique \u00e9crin&nbsp;: le Mus\u00e9e M\u00e9dard, devenu depuis 2017 Mus\u00e9e de France<\/p>\n<p>L\u2019association des Amis du Fonds M\u00e9dard a toujours eu pour vocation de mettre en avant le travail des relieurs et d\u00e9fendre la reliure contemporaine de qualit\u00e9. A ce titre nous organisons tous les trois ans un Prix de Reliure International.<\/p>\n<p>Ces expositions des Amis du mus\u00e9e et du fonds M\u00e9dard commencent \u00e0 devenir connues parmi les relieurs fran\u00e7ais et \u00e9trangers et beaucoup d\u2019entre eux nous encouragent \u00e0 organiser de telles manifestations&nbsp;. En effet l\u2019essentiel des Prix&nbsp; de Reliures&nbsp; ont lieu \u00e0 Paris ou Lyon, et le sud de la France reste le parent pauvre dans ce domaine\u00a0\u00bb&#8230; \u00ab\u00a0La qualit\u00e9 de toutes ces reliures prouve que le livre a devant lui un bel avenir gr\u00e2ce au talent et \u00e0 la cr\u00e9ativit\u00e9 de tous ces artistes&nbsp;!\u00a0\u00bb<\/p>\n<p>(Extrait de la Pr\u00e9face)<\/p>\n<p><span style=\"color: #000000; font-size: 12pt;\"><strong>Suite \u00e0 la r\u00e9union du Jury du jeudi 28 mars 2019 au si\u00e8ge de l\u2019association<\/strong><\/span><\/p>\n<p><span style=\"font-size: 18pt;\"><strong>Les Laur\u00e9ats :<\/strong><\/span><\/p>\n<p><em>1<sup>er<\/sup> prix&nbsp;: <strong>DATH Rose Marie<\/strong> \u00ab&nbsp;Typhon&nbsp;\u00bb de Joseph Conrad \u2013 Peruwelz, Belgique<\/em><\/p>\n<p><em>Format&nbsp;: 13x17x3.3 cm<\/em><\/p>\n<div id=\"attachment_374\" style=\"width: 310px\" class=\"wp-caption alignleft\"><img loading=\"lazy\" decoding=\"async\" aria-describedby=\"caption-attachment-374\" class=\"size-medium wp-image-374\" src=\"https:\/\/amisdumuseeetfondsmedard.com\/wp-content\/uploads\/2020\/02\/DATH-ROSE-MARIE-3-300x225.jpg\" alt=\"\" width=\"300\" height=\"225\" srcset=\"https:\/\/amisdumuseeetfondsmedard.com\/wp-content\/uploads\/2020\/02\/DATH-ROSE-MARIE-3-300x225.jpg 300w, https:\/\/amisdumuseeetfondsmedard.com\/wp-content\/uploads\/2020\/02\/DATH-ROSE-MARIE-3-768x576.jpg 768w, https:\/\/amisdumuseeetfondsmedard.com\/wp-content\/uploads\/2020\/02\/DATH-ROSE-MARIE-3-1024x768.jpg 1024w\" sizes=\"auto, (max-width: 300px) 100vw, 300px\" \/><p id=\"caption-attachment-374\" class=\"wp-caption-text\">2e Prix 2019<\/p><\/div>\n<p>&nbsp;<\/p>\n<p>&nbsp;<\/p>\n<p>&nbsp;<\/p>\n<p>&nbsp;<\/p>\n<p>&nbsp;<\/p>\n<p>&nbsp;<\/p>\n<p>&nbsp;<\/p>\n<p>&nbsp;<\/p>\n<p>&nbsp;<\/p>\n<p><em>2eme prix&nbsp;: <strong>ARENAS Maria Isabel<\/strong> \u00ab&nbsp;L\u2019Antico Amor&nbsp;\u00bb de Giacomo L\u00e9opardi \u2013 Las Condes, Santiago du Chili<\/em><\/p>\n<p><em>Format&nbsp;: 16.5&#215;24.5 cm<\/em><\/p>\n<div id=\"attachment_373\" style=\"width: 310px\" class=\"wp-caption alignleft\"><img loading=\"lazy\" decoding=\"async\" aria-describedby=\"caption-attachment-373\" class=\"size-medium wp-image-373\" src=\"https:\/\/amisdumuseeetfondsmedard.com\/wp-content\/uploads\/2020\/02\/ARENA-ISABEL-2-300x225.jpg\" alt=\"\" width=\"300\" height=\"225\" srcset=\"https:\/\/amisdumuseeetfondsmedard.com\/wp-content\/uploads\/2020\/02\/ARENA-ISABEL-2-300x225.jpg 300w, https:\/\/amisdumuseeetfondsmedard.com\/wp-content\/uploads\/2020\/02\/ARENA-ISABEL-2-768x576.jpg 768w, https:\/\/amisdumuseeetfondsmedard.com\/wp-content\/uploads\/2020\/02\/ARENA-ISABEL-2-1024x768.jpg 1024w\" sizes=\"auto, (max-width: 300px) 100vw, 300px\" \/><p id=\"caption-attachment-373\" class=\"wp-caption-text\">1er prix 2019<\/p><\/div>\n<p>&nbsp;<\/p>\n<p>&nbsp;<\/p>\n<p>&nbsp;<\/p>\n<p>&nbsp;<\/p>\n<p>&nbsp;<\/p>\n<p>&nbsp;<\/p>\n<p>&nbsp;<\/p>\n<p>&nbsp;<\/p>\n<p>&nbsp;<\/p>\n<p><em>3eme prix&nbsp;: <strong>DONATI Martine<\/strong> \u00ab&nbsp;Couleurs&nbsp;\u00bb de Remy de Gourmont \u2013 Thomery, France <\/em><\/p>\n<p><em>Format&nbsp;: 23.5x16x4 cm<\/em><\/p>\n<div id=\"attachment_375\" style=\"width: 310px\" class=\"wp-caption alignleft\"><img loading=\"lazy\" decoding=\"async\" aria-describedby=\"caption-attachment-375\" class=\"size-medium wp-image-375\" src=\"https:\/\/amisdumuseeetfondsmedard.com\/wp-content\/uploads\/2020\/02\/DONATI-MARTINE-6-300x225.jpg\" alt=\"\" width=\"300\" height=\"225\" srcset=\"https:\/\/amisdumuseeetfondsmedard.com\/wp-content\/uploads\/2020\/02\/DONATI-MARTINE-6-300x225.jpg 300w, https:\/\/amisdumuseeetfondsmedard.com\/wp-content\/uploads\/2020\/02\/DONATI-MARTINE-6-768x576.jpg 768w, https:\/\/amisdumuseeetfondsmedard.com\/wp-content\/uploads\/2020\/02\/DONATI-MARTINE-6-1024x768.jpg 1024w\" sizes=\"auto, (max-width: 300px) 100vw, 300px\" \/><p id=\"caption-attachment-375\" class=\"wp-caption-text\">3e Prix 2019<\/p><\/div>\n<p>&nbsp;<\/p>\n<p>&nbsp;<\/p>\n<p>&nbsp;<\/p>\n<p>&nbsp;<\/p>\n<p>&nbsp;<\/p>\n<p>&nbsp;<\/p>\n<p>&nbsp;<\/p>\n<p>&nbsp;<\/p>\n<p>&nbsp;<\/p>\n<p><strong>Encouragements du Jury :<\/strong><\/p>\n<p><em><strong>ADELMAN Cathy<\/strong> \u00ab&nbsp;On the choice of a wife&nbsp;\u00bb de F. Aikin M.D. \u2013 Asheville, U.S.A. &#8211;&nbsp;&nbsp;<\/em><em>Format&nbsp;: 30x14x1 cm<\/em><\/p>\n<p><em><strong>MORIN Lucie<\/strong> \u00ab&nbsp;Marbling&nbsp;\u00bb de Phoebe Jane Easton \u2013 Quebec, Canada&nbsp;<\/em><em>&#8211; Format&nbsp;: 22x28x3.5 cm<\/em><\/p>\n<p><em><strong>NEVERS Nicolas<\/strong> \u00ab&nbsp; La folie des billets de banque&nbsp;\u00bb de Jean Rebeyrolles \u2013 Roanne, France&nbsp;<\/em><em>&#8211; <\/em><em>Format&nbsp;: 14x15x3.5 cm<\/em><\/p>\n<p>&nbsp;<\/p>\n<p><strong>Coup de c\u0153ur de l\u2019\u00e9quipe du mus\u00e9e M\u00e9dard :<\/strong><\/p>\n<p><em><strong>DELOFFRE Liliane<\/strong> \u00ab&nbsp; Flora&nbsp;\u00bb de Gentil &#8211; Douais France &#8211; Format : 25,5&#215;17,5&#215;3,5 cm&nbsp;<\/em><\/p>\n<p>&nbsp;<\/p>\n<p>__________________________________________________________<\/p>\n<p>&nbsp;<\/p>\n<p><span style=\"font-size: 18pt;\"><strong>Membres du Jury du&nbsp;4eme Prix de Reliure d\u2019Art 2019<\/strong><\/span><\/p>\n<p><em>&nbsp;<\/em><\/p>\n<p><strong><em>Alain KOREN<\/em><\/strong><em>, Pr\u00e9sident&nbsp;<\/em><\/p>\n<p><em>Relieur professionnel &#8211; Rodez<\/em><\/p>\n<p><strong><em>Claudio GALLERI<\/em><\/strong><\/p>\n<p><em>Directeur du Mus\u00e9e M\u00e9dard de Lunel<\/em><\/p>\n<p><strong><em>Marie Laure TANGUY<\/em><\/strong><\/p>\n<p><em>Restauratrice de livres anciens, relieur<\/em><\/p>\n<p><em>L\u2019Atelier du Livre -Montpellier<\/em><\/p>\n<p><strong><em>Florence LEROY<\/em><\/strong><\/p>\n<p><em>Retrait\u00e9e&nbsp;<\/em><em>de la Direction de la M\u00e9diath\u00e8que Intercommunale du Pays <\/em><em>de Lunel<\/em><\/p>\n<div id=\"attachment_370\" style=\"width: 310px\" class=\"wp-caption alignleft\"><img loading=\"lazy\" decoding=\"async\" aria-describedby=\"caption-attachment-370\" class=\"size-medium wp-image-370\" src=\"https:\/\/amisdumuseeetfondsmedard.com\/wp-content\/uploads\/2020\/02\/P1090301-300x225.jpg\" alt=\"\" width=\"300\" height=\"225\" srcset=\"https:\/\/amisdumuseeetfondsmedard.com\/wp-content\/uploads\/2020\/02\/P1090301-300x225.jpg 300w, https:\/\/amisdumuseeetfondsmedard.com\/wp-content\/uploads\/2020\/02\/P1090301-768x576.jpg 768w, https:\/\/amisdumuseeetfondsmedard.com\/wp-content\/uploads\/2020\/02\/P1090301-1024x768.jpg 1024w\" sizes=\"auto, (max-width: 300px) 100vw, 300px\" \/><p id=\"caption-attachment-370\" class=\"wp-caption-text\">Vernissage de l&rsquo;exposition : le CA et les Laur\u00e9ats<\/p><\/div>\n<p>&nbsp;<\/p>\n<p>&nbsp;<\/p>\n<p>&nbsp;<\/p>\n<p>&nbsp;<\/p>\n<p>&nbsp;<\/p>\n<p>&nbsp;<\/p>\n<p>&nbsp;<\/p>\n<p>&nbsp;<\/p>\n<p>&nbsp;<\/p>\n<p><em><a href=\"https:\/\/www.lunel.com\/fr\/download-form\/dl-file\/1ee9bee2c7227c35ac1ca90f2e4fb172\">Voir communiqu\u00e9 de presse de la ville de Lunel&nbsp; &nbsp;<\/a> &nbsp; &nbsp; &nbsp; &nbsp; &nbsp; &nbsp; &nbsp; &nbsp; &nbsp; &nbsp; &nbsp; &nbsp; &nbsp; &nbsp; &nbsp; &nbsp; &nbsp; &nbsp;<\/em><\/p>\n<p><em>Lire la pr\u00e9face compl\u00e8te :<\/em><em>&nbsp;<a href=\"https:\/\/amisdumuseeetfondsmedard.com\/wp-content\/uploads\/2020\/02\/PREFACE-2019V2.docx\">PREFACE 2019V2<\/a> &nbsp;<\/em><\/p>\n<p><em>&nbsp; &nbsp; &nbsp; &nbsp; &nbsp; &nbsp; &nbsp; &nbsp; &nbsp; &nbsp; &nbsp; &nbsp; &nbsp; &nbsp; &nbsp; &nbsp; &nbsp; &nbsp; &nbsp; &nbsp; &nbsp; &nbsp; &nbsp;&nbsp;<\/em><\/p>\n","protected":false},"excerpt":{"rendered":"<p>4eme Prix de Reliure d\u2019Art 2019 &nbsp; \u00ab\u00a0Lunel, h\u00e9riti\u00e8re de la collection du bibliophile Louis M\u00e9dard a su mettre en valeur les livres d\u2019art en leur consacrant un magnifique \u00e9crin&nbsp;: le Mus\u00e9e M\u00e9dard, devenu depuis 2017 Mus\u00e9e de France L\u2019association des Amis du Fonds M\u00e9dard a toujours eu pour vocation de mettre en avant le [&hellip;]<\/p>\n","protected":false},"author":1,"featured_media":370,"parent":0,"menu_order":0,"comment_status":"closed","ping_status":"closed","template":"","meta":{"footnotes":""},"class_list":["post-192","page","type-page","status-publish","has-post-thumbnail","hentry"],"_links":{"self":[{"href":"https:\/\/amisdumuseeetfondsmedard.com\/index.php\/wp-json\/wp\/v2\/pages\/192","targetHints":{"allow":["GET"]}}],"collection":[{"href":"https:\/\/amisdumuseeetfondsmedard.com\/index.php\/wp-json\/wp\/v2\/pages"}],"about":[{"href":"https:\/\/amisdumuseeetfondsmedard.com\/index.php\/wp-json\/wp\/v2\/types\/page"}],"author":[{"embeddable":true,"href":"https:\/\/amisdumuseeetfondsmedard.com\/index.php\/wp-json\/wp\/v2\/users\/1"}],"replies":[{"embeddable":true,"href":"https:\/\/amisdumuseeetfondsmedard.com\/index.php\/wp-json\/wp\/v2\/comments?post=192"}],"version-history":[{"count":23,"href":"https:\/\/amisdumuseeetfondsmedard.com\/index.php\/wp-json\/wp\/v2\/pages\/192\/revisions"}],"predecessor-version":[{"id":553,"href":"https:\/\/amisdumuseeetfondsmedard.com\/index.php\/wp-json\/wp\/v2\/pages\/192\/revisions\/553"}],"wp:featuredmedia":[{"embeddable":true,"href":"https:\/\/amisdumuseeetfondsmedard.com\/index.php\/wp-json\/wp\/v2\/media\/370"}],"wp:attachment":[{"href":"https:\/\/amisdumuseeetfondsmedard.com\/index.php\/wp-json\/wp\/v2\/media?parent=192"}],"curies":[{"name":"wp","href":"https:\/\/api.w.org\/{rel}","templated":true}]}}