{"id":27,"date":"2017-06-26T17:31:55","date_gmt":"2017-06-26T15:31:55","guid":{"rendered":"http:\/\/amisdumuseeetfondsmedard.com\/?page_id=27"},"modified":"2025-04-29T21:26:45","modified_gmt":"2025-04-29T19:26:45","slug":"presentation-de-lassociation","status":"publish","type":"page","link":"https:\/\/amisdumuseeetfondsmedard.com\/index.php\/presentation-de-lassociation\/","title":{"rendered":"Pr\u00e9sentation"},"content":{"rendered":"<p><img loading=\"lazy\" decoding=\"async\" class=\"wp-image-54 alignright\" src=\"https:\/\/amisdumuseeetfondsmedard.com\/wp-content\/uploads\/2017\/06\/livres_fonds_medard_presentation.png\" alt=\"\" width=\"359\" height=\"359\" srcset=\"https:\/\/amisdumuseeetfondsmedard.com\/wp-content\/uploads\/2017\/06\/livres_fonds_medard_presentation.png 500w, https:\/\/amisdumuseeetfondsmedard.com\/wp-content\/uploads\/2017\/06\/livres_fonds_medard_presentation-150x150.png 150w, https:\/\/amisdumuseeetfondsmedard.com\/wp-content\/uploads\/2017\/06\/livres_fonds_medard_presentation-300x300.png 300w, https:\/\/amisdumuseeetfondsmedard.com\/wp-content\/uploads\/2017\/06\/livres_fonds_medard_presentation-125x125.png 125w\" sizes=\"auto, (max-width: 359px) 100vw, 359px\" \/><\/p>\n<h4>\u2192 L&rsquo;association des Amis du Mus\u00e9e et du Fonds M\u00e9dard<\/h4>\n<p style=\"text-align: justify;\"><span style=\"font-size: 14pt;\"><strong style=\"font-size: 14pt;\"><span style=\"font-family: georgia, palatino, serif;\">Fond\u00e9e en 2003 par Jean Bertold Orsini, l&rsquo;association a pour but de faire conna\u00eetre le Fonds et le Mus\u00e9e M\u00e9dard de la Ville de Lunel. Notre association se donne deux objectifs :<\/span><\/strong><\/span><\/p>\n<h6 class=\"p1\" style=\"text-align: justify;\"><span style=\"font-size: 12pt; color: #b8832a;\"><span style=\"font-family: georgia, palatino, serif;\">\u2192 Contribuer \u00e0 la notori\u00e9t\u00e9 du Fonds M\u00e9dard<br \/>\n<\/span><span style=\"font-family: georgia, palatino, serif;\">\u2192 Organiser des activit\u00e9s culturelles<\/span><\/span><\/h6>\n<p style=\"text-align: justify;\">Les activit\u00e9s culturelles ne concernent pas toujours directement le Fonds M\u00e9dard, mais \u00e9galement des voyages, des visites de mus\u00e9es, de sites, toujours avec un but culturel.<\/p>\n<p class=\"p1\"><span class=\"s1\"><b>\u00ab\u00a0Conf\u00e9rences<\/b> :\u00a0<\/span><\/p>\n<p class=\"p1\"><span class=\"s1\">A chaque prix que nous organisons, nous planifions une conf\u00e9rence sur le th\u00e8me de l\u2019exposition, avec des intervenants de qualit\u00e9. \u00a0\u00a0<\/span><\/p>\n<p class=\"p1\"><span class=\"s1\"><b>Expositions et animations<\/b> :<\/span><\/p>\n<p class=\"p1\"><span class=\"s1\">L\u2019association participe \u00e9galement \u00e0 tous les vernissages, ateliers et conf\u00e9rences qui ont lieu au Mus\u00e9e M\u00e9dard. Des visites guid\u00e9es et priv\u00e9es sont organis\u00e9es pour les adh\u00e9rents en semaine et les samedis apr\u00e8s-midi. Ces manifestations sont mises en place par les dirigeants du Mus\u00e9e M\u00e9dard et la ville de Lunel.<\/span><\/p>\n<p class=\"p1\"><span class=\"s1\">Tous les 2 ans une exposition concernant la calligraphie, les livres d\u2019artistes ou les gravures sont organis\u00e9es en collaboration avec le\u00a0Mus\u00e9e M\u00e9dard \u00ab\u00a0<\/span><\/p>\n<p class=\"p1\"><span class=\"s1\"><b>Visites, expositions, journ\u00e9es d\u00e9couverte :\u00a0<\/b><\/span><\/p>\n<p class=\"p1\"><span class=\"s1\">Chaque ann\u00e9e nous organisons des visites guid\u00e9es pour les membres de notre association dans les mus\u00e9es r\u00e9gionaux (Arles, S\u00e8te, Montpellier, N\u00eemes, Aix, Avignon) autour des expositions temporaires et des collections permanentes.<\/span><\/p>\n<h4><span style=\"font-size: 14pt;\"><br \/>\n\u2192 Membre du Conseil d&rsquo;administration<\/span><\/h4>\n<ul>\n<li><strong>Pr\u00e9sidente :<\/strong> Marie-Claude ROSELLO<\/li>\n<li><strong>Secr\u00e9taire :<\/strong> Florence LEROY<\/li>\n<li><strong>Tr\u00e9sorier :<\/strong> Laurent GRASSET<\/li>\n<li><strong>Administrateur : <\/strong>Daguy AUQUIER, descendante famille M\u00e9dard<\/li>\n<li><strong>Administrateur : <\/strong>Vincent AUQUIER<\/li>\n<li><strong>Administrateur : <\/strong>Rolande PEREZ<\/li>\n<li><strong>Responsable du site web : <\/strong>St\u00e9phanie MAZET MANCHON<\/li>\n<\/ul>\n<h4><\/h4>\n<h4>\u2192 Assembl\u00e9es g\u00e9n\u00e9rales<\/h4>\n<p style=\"text-align: justify;\">Une assembl\u00e9e g\u00e9n\u00e9rale a lieu tous les ans courant janvier. Les membres du conseil d&rsquo;administration se r\u00e9unissent en moyenne 6 \u00e0 7 fois par an pour prendre les d\u00e9cisions importantes et les r\u00e8gles a mettre en vigueur au cours de l&rsquo;ann\u00e9e. Les adh\u00e9rents sont inform\u00e9s des manifestations et des d\u00e9cisions prises, par e-mails ou par courriers.<\/p>\n<p><span style=\"color: #800000;\"><a href=\"https:\/\/amisdumuseeetfondsmedard.com\/index.php\/2017\/07\/04\/contactez-les-amis-du-musee-et-du-fonds-medard\/\"><strong>Contacter l&rsquo;association<\/strong><\/a><\/span><\/p>\n<p><strong>Adh\u00e9rer \u00e0 l&rsquo;association :\u00a0<a href=\"https:\/\/amisdumuseeetfondsmedard.com\/wp-content\/uploads\/2017\/07\/FM-BULLETIN-DADHESION.doc\">FM BULLETIN D&rsquo;ADHESION<\/a><\/strong><\/p>\n","protected":false},"excerpt":{"rendered":"<p>\u2192 L&rsquo;association des Amis du Mus\u00e9e et du Fonds M\u00e9dard Fond\u00e9e en 2003 par Jean Bertold Orsini, l&rsquo;association a pour but de faire conna\u00eetre le Fonds et le Mus\u00e9e M\u00e9dard de la Ville de Lunel. Notre association se donne deux objectifs : \u2192 Contribuer \u00e0 la notori\u00e9t\u00e9 du Fonds M\u00e9dard \u2192 Organiser des activit\u00e9s culturelles [&hellip;]<\/p>\n","protected":false},"author":1,"featured_media":0,"parent":0,"menu_order":0,"comment_status":"closed","ping_status":"closed","template":"page-15zine-builder.php","meta":{"footnotes":""},"class_list":["post-27","page","type-page","status-publish","hentry"],"_links":{"self":[{"href":"https:\/\/amisdumuseeetfondsmedard.com\/index.php\/wp-json\/wp\/v2\/pages\/27","targetHints":{"allow":["GET"]}}],"collection":[{"href":"https:\/\/amisdumuseeetfondsmedard.com\/index.php\/wp-json\/wp\/v2\/pages"}],"about":[{"href":"https:\/\/amisdumuseeetfondsmedard.com\/index.php\/wp-json\/wp\/v2\/types\/page"}],"author":[{"embeddable":true,"href":"https:\/\/amisdumuseeetfondsmedard.com\/index.php\/wp-json\/wp\/v2\/users\/1"}],"replies":[{"embeddable":true,"href":"https:\/\/amisdumuseeetfondsmedard.com\/index.php\/wp-json\/wp\/v2\/comments?post=27"}],"version-history":[{"count":30,"href":"https:\/\/amisdumuseeetfondsmedard.com\/index.php\/wp-json\/wp\/v2\/pages\/27\/revisions"}],"predecessor-version":[{"id":1156,"href":"https:\/\/amisdumuseeetfondsmedard.com\/index.php\/wp-json\/wp\/v2\/pages\/27\/revisions\/1156"}],"wp:attachment":[{"href":"https:\/\/amisdumuseeetfondsmedard.com\/index.php\/wp-json\/wp\/v2\/media?parent=27"}],"curies":[{"name":"wp","href":"https:\/\/api.w.org\/{rel}","templated":true}]}}